ts digit of r?
5
Let f be (-2)/(-3)*(-45)/(-6). Suppose 3*x = 3, -s - 11 = 3*s + f*x. What is the units digit of 3/1 - (-3 - s)?
2
Let u = 2 - 4. What is the units digit of 1/(-2) - 17/u?
8
Let y be 2/(-1)*(-15)/6. Suppose -2*s - j = -0*j - 9, s + 18 = -y*j. Suppose -2*q - 3*t + 17 = 0, -2*q + q - t = -s. What is the units digit of q?
4
Let g(z) = -z**2 - 4*z + 5. Let t be g(-5). Let r = t - -4. What is the units digit of r?
4
Let l be ((-2)/(-3))/((-4)/(-18)). Suppose s + 2*n - 2 = 0, -l*s + 16 = -0*s + 4*n. Suppose 2*b + b - s = 0. What is the units digit of b?
4
Suppose 0*u = u - 2. Suppose 12 = h + u*y, -h - 3*y + 14 = -2*y. What is the tens digit of (8/h)/(1/24)?
1
Suppose -5*f = -3*a + 1 - 0, 2*f - 3*a = 5. Let d be -2*(-11)/f + 1. Let o = -4 - d. What is the units digit of o?
6
Let c(z) = -z - 2. Let h be c(-5). Let g(t) = -t + 8. Let b be g(6). Suppose -22 = -h*s + b. What is the units digit of s?
8
Let l = -7 + 13. What is the units digit of (l/3)/(6/15)?
5
Let y(n) = -8*n**3 + 2*n**2 + 2*n + 1. What is the units digit of y(-1)?
9
Suppose -2*y = -2*o - 4, -6*o - 4 = -2*o - 3*y. Suppose 3*m - 354 = -o*j, j - 4*m + 356 = 3*j. What is the units digit of (-2)/(-8) + j/8?
2
Suppose w = 3*q - 57, -83 + 279 = -4*w + 4*q. What is the units digit of (-10)/w + (-122)/(-18)?
7
Let g(f) = 2 - 7 + 3*f + 1 - 5. What is the units digit of g(9)?
8
Suppose -4*k + 136 = 8. Suppose -k = 3*c + c. Let q(v) = v**3 + 9*v**2 + 7*v - 6. What is the units digit of q(c)?
2
Let t = 11 - 7. Suppose t*r - 2*r = 2*s - 10, 22 = 5*s - 4*r. Suppose -15 = -q - s*q. What is the units digit of q?
5
Suppose 0 = -4*b - b - 5, 4*g = 2*b + 22. What is the units digit of g?
5
What is the units digit of (-1)/(-1 + 52/56)?
4
What is the units digit of (-9)/(4/(-1*52))?
7
Let o(i) be the second derivative of -11*i**3/6 - i**2 + i. Let l be o(-4). Suppose h - 3*x - 18 = -x, 2*x = 4*h - l. What is the units digit of h?
8
Let w = -10 + 9. What is the tens digit of w/(-4) + 396/16?
2
Suppose -2 = a - 4. Suppose x - 6 = -2*x, a*h - 3*x = 4. Suppose -37 = -h*c + 8. What is the units digit of c?
9
Suppose -5*d + 108 = 4*g, -g + 8 + 74 = 4*d. Let o = 23 + -33. Let q = o + d. What is the units digit of q?
0
What is the units digit of ((-516)/(-10))/(26/65)?
9
Suppose -3*v + 2*m - 3 = 0, -2*v - 2*m - 1 = 1. Let b be v/(-2*1/(-2)). What is the units digit of (1 + 0)/(b/(-1))?
1
Let h(u) = 8*u**2 - 4*u + 7*u - 2*u + 11*u**2. What is the tens digit of h(1)?
2
Suppose n = -0*n + 15. Suppose -g = -14 - n. What is the tens digit of g?
2
Suppose d + 5*d - 918 = 0. What is the units digit of d?
3
Let g(b) = b**3 - b + 4. Let p be g(0). Suppose -5*q - 95 = -4*j, -5*j - p*q + 15 = -73. Suppose -3*r = -r - j. What is the units digit of r?
0
Suppose 2*z = 6*z - 204. What is the units digit of z?
1
Suppose -20 = 4*z, 0 = -5*m - 2*z + 7*z + 340. What is the units digit of m?
3
Let q = -51 - -91. What is the tens digit of q?
4
Suppose -5*c + 19 + 6 = 0. Let t = c - 3. What is the units digit of t?
2
Let j be -1 + -7 - (0 - 2). Let p = j - -13. What is the units digit of p?
7
Suppose 3*v + 21 + 60 = 0. What is the units digit of 6*(-12)/v*3?
8
Suppose 169 - 568 = -3*i. What is the tens digit of i?
3
Let c = 0 + 2. Suppose -2*f + c*u = -2*u - 24, -2*f + 2*u + 14 = 0. What is the units digit of (3 - -1) + -1 - f?
1
Let h be (-1)/(2 - 5/2). Suppose h*t + 1 = -3. Let b = 7 + t. What is the units digit of b?
5
Let o(b) = b**3 - 10*b**2 + b - 6. Suppose 6 = 2*w - 14. Let f be o(w). Suppose 3*r + 3*k - f = 2*r, 3*k + 1 = 4*r. What is the units digit of r?
1
Suppose -14 = -2*d - 12. Let s(p) = 23*p**3 + p**2 + p - 1. What is the tens digit of s(d)?
2
Suppose -7*z + 1235 = 248. What is the units digit of z?
1
Let z be 43*1 + (0 - -2). Let c be (z/10)/(3/4). What is the units digit of (-1 - -4*c) + -2?
1
Let y(k) = k**3 - k**2 - 3*k - 3. Let l be y(3). What is the units digit of (-33)/l*-2 + -3?
8
Let r(i) = 4 + 0 - 1 + i + 4. Let a be r(-4). Suppose -4*o - 38 = -a*l, l - 2*o - 40 = -4*l. What is the units digit of l?
6
Suppose 2*j = 3*u + 127, -2*u - 181 = -5*j + 109. What is the units digit of j?
6
What is the units digit of 1/(-4) - 486/(-24)?
0
Let d(p) = -2*p. Let r be d(3). Let o = r - -11. Suppose -2*x - 4*m - 6 = 0, m - o*m - 12 = 0. What is the units digit of x?
3
Suppose z - 5*z = -4. Let c = 2 + z. What is the units digit of c?
3
Let o be 16/6*36/(-16). Let x(g) = -g**2 - 8*g - 3. What is the units digit of x(o)?
9
Let x = 73 - 32. What is the tens digit of x?
4
Let p(l) = -6*l**3 - l**2. What is the tens digit of p(-2)?
4
Let g = 340 - 190. What is the hundreds digit of g?
1
What is the units digit of (-3)/5*(2 - 7)?
3
What is the hundreds digit of 114 + (-10)/15*6?
1
Let t be 1/(-5) + 88/(-10). What is the tens digit of (-344)/(-9) - (-2)/t?
3
Let u(g) = -g**2 + 9*g + 7. Let n be u(8). Suppose 0*b = -5*b + n. Suppose -5*h + 30 = -b*h. What is the units digit of h?
5
Let t be (1 + 1)/((-1)/3). Let o be t/(-4) - (-24)/16. Suppose -5*g + o*g + 2*d = -6, 13 = 3*g - d. What is the units digit of g?
5
Suppose -13 = -4*t + 5*m, -2*t + 4*t - 9 = 5*m. Suppose -3*a + t*i + 25 = 0, 3*i + 9 = 5*a - 32. What is the units digit of a?
7
Suppose -20*c + 54 = -17*c. What is the units digit of c?
8
Suppose -11*k + 10*k + 1 = 0. Let r = 6 - k. What is the units digit of r?
5
Suppose 0 = -p - 4*p - 3*w + 685, 5*p = -5*w + 675. Suppose 5*l + 84 = 4*u - 28, -4*l + p = 5*u. What is the tens digit of u?
2
Let w(t) = 18*t**2 + 2*t + 1. Let l be w(-1). Suppose -2*c - 3*c - n = -l, 0 = c + 5*n - 13. What is the units digit of c?
3
Suppose 0 = s + 4*m + m + 6, -80 = -5*s - 3*m. What is the tens digit of s?
1
Let z(w) be the second derivative of -w**3/6 + 7*w**2/2 + 2*w. Let h be z(5). Suppose 0*q + 2 = h*q. What is the units digit of q?
1
Suppose 4*i + 160 = 2*q, -3*i - 4*q - q = 146. Let a be i/10 - 5/(-25). Let h(r) = r + 7. What is the units digit of h(a)?
3
Let l = 15 + -10. Suppose 21 = r - 2*h + 1, 0 = l*r - h - 91. What is the units digit of r?
8
What is the units digit of ((-20)/(-7))/((-22)/(-77))?
0
Let o = -10 - -13. Suppose 5*l = 2*l - o, -5*l = 2*g - 81. What is the units digit of g?
3
Suppose 9*z = 4*z. Suppose -4*l = 12, 4*p - p - 2*l - 63 = z. What is the tens digit of p?
1
Suppose 5*b + 25 = 0, -5*z + b + 0*b = -5. Suppose 0 = -2*a, 5*a = t - z*a. Suppose 3*n + y + 0*y - 15 = t, -5*n = -4*y - 8. What is the units digit of n?
4
What is the units digit of (12 + -1)/((16/(-12))/(-4))?
3
What is the units digit of 10 + (-1 - -4) + 0?
3
Suppose 5*h = 6*h - 4. Suppose h*z = -z + 45. What is the units digit of z?
9
Suppose -2*k - 2*j - 2 = -5*j, 4*k - 40 = -5*j. Suppose k*q - 152 = 2*a, 86 = 5*q + 3*a - 61. What is the units digit of q?
0
Suppose -2*g + 2 = 0, 5*i + g + g = 137. What is the units digit of i?
7
Let v(t) = -3*t - 39. Let o(g) = g + 11. Let i(l) = -18*o(l) - 5*v(l). What is the units digit of i(-8)?
1
Let x(t) be the first derivative of t**3/3 + 4*t**2 - 16*t + 4. What is the units digit of x(-12)?
2
What is the units digit of (-3)/(-12) + (-1592)/(-32)?
0
Suppose -8*u + 3*u + 4*c + 261 = 0, 4*u = -5*c + 217. What is the tens digit of u?
5
Let c(m) = m**2 + m. Let j be c(0). Suppose q + j*q = -4*g - 25, 0 = 2*q + 5*g + 38. What is the units digit of (q/(-12))/(3/12)?
3
What is the units digit of -3*(-2)/(-12)*-178?
9
Suppose -6*l + 10 = -4*l. What is the units digit of (-4)/(-2) + (l - -11)?
8
Let r be (14/(-6) + 2)*-24. What is the units digit of 1 + r + 1 - 0?
0
Let l(x) = -x**3 - 5*x**2 + 5*x - 1. Let b be l(-6). Let n = b - 2. What is the units digit of n?
3
Suppose 4*s + 94 = -n, 3*n - 88 + 10 = 3*s. What is the tens digit of s/(-9)*15/2?
2
Let j(f) = 3*f**3 - 8*f**2 - 4*f - 6. Let o(b) = -4*b**3 + 9*b**2 + 3*b + 6. Let m(a) = 3*j(a) + 2*o(a). What is the units digit of m(7)?
1
Let r = 2 - -2. Suppose -j = 2 - r. Suppose j*z - 29 + 1 = 0. What is the tens digit of z?
1
Suppose 42 = a - 4*p, 9*a - 4*a + 4*p - 330 = 0. What is the tens digit of a?
6
Let s = 0 - -12. Let i be ((-8)/s)/((-2)/15). Let t(y) = -y**3 + 4*y**2 + 5*y + 6. What is the units digit of t(i)?
6
Let k be 10 - (4/(-2) + 3). Let s = 3 + k. Suppose -2*f + s = f. What is the units digit of f?
4
Let n(v) = -3*v**2 - v**2 - 5 - 8*v -